hat are the prime factors of 5053649?
5053649
List the prime factors of 15700827.
3, 41, 127649
What are the prime factors of 331861?
281, 1181
What are the prime factors of 7554?
2, 3, 1259
List the prime factors of 333620.
2, 5, 7, 2383
What are the prime factors of 27033971?
43, 139, 4523
What are the prime factors of 2630788?
2, 331, 1987
List the prime factors of 38898111.
3, 7, 19, 733
What are the prime factors of 1670013?
3, 185557
What are the prime factors of 135220?
2, 5, 6761
What are the prime factors of 820847?
23, 89, 401
List the prime factors of 36427788.
2, 3, 19, 2803
What are the prime factors of 3358280?
2, 5, 59, 1423
List the prime factors of 1391492.
2, 347873
List the prime factors of 17003820.
2, 3, 5, 283397
What are the prime factors of 1967746?
2, 11, 89443
What are the prime factors of 690537?
3, 43, 53, 101
What are the prime factors of 2472652?
2, 7, 13, 6793
List the prime factors of 186258.
2, 3, 37, 839
List the prime factors of 10339687.
37, 279451
List the prime factors of 69974.
2, 59, 593
What are the prime factors of 848695?
5, 269, 631
List the prime factors of 13047179.
97, 134507
What are the prime factors of 1137456?
2, 3, 2633
List the prime factors of 30524457.
3, 1171, 8689
List the prime factors of 530152.
2, 7, 9467
List the prime factors of 563706.
2, 3, 11, 13, 73
List the prime factors of 247165.
5, 49433
List the prime factors of 5348684.
2, 11, 43, 257
What are the prime factors of 1436450?
2, 5, 28729
What are the prime factors of 165414?
2, 3, 19, 1451
List the prime factors of 17394192.
2, 3, 199, 607
List the prime factors of 518889.
3, 7, 24709
What are the prime factors of 661242?
2, 3, 191, 577
List the prime factors of 5266787.
17, 309811
What are the prime factors of 6197007?
3, 2065669
List the prime factors of 245490.
2, 3, 5, 7, 167
What are the prime factors of 4665051?
3, 19, 27281
What are the prime factors of 2010937?
1009, 1993
What are the prime factors of 1080813?
3, 360271
List the prime factors of 155671.
155671
List the prime factors of 179490.
2, 3, 5, 31, 193
List the prime factors of 7782228.
2, 3, 216173
List the prime factors of 3408824.
2, 426103
List the prime factors of 3262063.
7, 466009
List the prime factors of 249178.
2, 31, 4019
What are the prime factors of 30157634?
2, 13, 1159909
What are the prime factors of 1707318?
2, 3, 1171
List the prime factors of 1329239.
23, 57793
List the prime factors of 23954730.
2, 3, 5, 23, 149, 233
List the prime factors of 1607614.
2, 227, 3541
What are the prime factors of 46918?
2, 23459
List the prime factors of 7362159.
3, 7, 31, 43, 263
What are the prime factors of 280104?
2, 3, 11, 1061
What are the prime factors of 6152783?
7, 13, 743
List the prime factors of 5895258.
2, 3, 953, 1031
List the prime factors of 3166464.
2, 3, 7, 19, 31
What are the prime factors of 263767?
7, 769
List the prime factors of 12541850.
2, 5, 250837
List the prime factors of 12838181.
107, 119983
List the prime factors of 972070.
2, 5, 11, 8837
What are the prime factors of 179176?
2, 22397
List the prime factors of 560553.
3, 7, 26693
What are the prime factors of 55300?
2, 5, 7, 79
What are the prime factors of 5685848?
2, 7, 101533
List the prime factors of 16653002.
2, 127, 65563
List the prime factors of 5098167.
3, 31, 6091
What are the prime factors of 2964838?
2, 23, 64453
What are the prime factors of 276946?
2, 59, 2347
What are the prime factors of 29308966?
2, 29, 505327
What are the prime factors of 2371173?
3, 7, 112913
List the prime factors of 1295261.
11, 117751
List the prime factors of 222121.
151, 1471
What are the prime factors of 27458770?
2, 5, 53, 103, 503
List the prime factors of 758607.
3, 252869
What are the prime factors of 1719783?
3, 13, 14699
List the prime factors of 5408255.
5, 19, 56929
List the prime factors of 3934498.
2, 193, 10193
What are the prime factors of 2938848?
2, 3, 11, 23
What are the prime factors of 5489902?
2, 11, 249541
List the prime factors of 605187.
3, 11, 6113
List the prime factors of 16637177.
53, 313909
What are the prime factors of 341336?
2, 42667
List the prime factors of 630270.
2, 3, 5, 47, 149
What are the prime factors of 9802344?
2, 3, 408431
What are the prime factors of 127760?
2, 5, 1597
List the prime factors of 737400.
2, 3, 5, 1229
What are the prime factors of 8175182?
2, 191, 21401
What are the prime factors of 271972?
2, 67993
List the prime factors of 575049.
3, 103, 1861
List the prime factors of 163258.
2, 81629
What are the prime factors of 102075?
3, 5, 1361
List the prime factors of 298620.
2, 3, 5, 7, 79
What are the prime factors of 9125888?
2, 557
What are the prime factors of 24639249?
3, 293, 28031
List the prime factors of 297214.
2, 173, 859
List the prime factors of 1845904.
2, 43, 2683
List the prime factors of 395668.
2, 7, 13, 1087
List the prime factors of 2639517.
3, 879839
List the prime factors of 4791446.
2, 11, 217793
List the prime factors of 3650429.
3650429
What are the prime factors of 644328?
2, 3, 19, 157
List the prime factors of 322377.
3, 11, 9769
List the prime factors of 1591206.
2, 3, 163, 1627
List the prime factors of 1145132.
2, 353, 811
What are the prime factors of 134126?
2, 199, 337
List the prime factors of 225570.
2, 3, 5, 73, 103
What are the prime factors of 3511864?
2, 438983
List the prime factors of 2071117.
419, 4943
List the prime factors of 1257196.
2, 314299
What are the prime factors of 795640?
2, 5, 19891
What are the prime factors of 3328152?
2, 3, 101, 1373
What are the prime factors of 1361447?
677, 2011
What are the prime factors of 61739?
107, 577
What are the prime factors of 1736673?
3, 199, 2909
List the prime factors of 775598.
2, 387799
What are the prime factors of 13552470?
2, 3, 5, 150583
What are the prime factors of 1453672?
2, 11, 16519
What are the prime factors of 13527471?
3, 463, 9739
What are the prime factors of 10059881?
13, 773837
List the prime factors of 2685484.
2, 509, 1319
List the prime factors of 3934551.
3, 31, 42307
What are the prime factors of 13807?
13807
List the prime factors of 2088883.
23, 90821
List the prime factors of 596398.
2, 11, 27109
List the prime factors of 25293735.
3, 5, 187361
What are the prime factors of 255291?
3, 43, 1979
What are the prime factors of 1055032?
2, 11, 19, 631
What are the prime factors of 29673496?
2, 23, 29, 67, 83
What are the prime factors of 265725?
3, 5, 1181
What are the prime factors of 17731586?
2, 29, 305717
What are the prime factors of 1685773?
1685773
List the prime factors of 1887848.
2, 367, 643
List the prime factors of 2135934.
2, 3, 107, 1109
List the prime factors of 313603.
313603
What are the prime factors of 1858749?
3, 619583
What are the prime factors of 511988?
2, 127997
What are the prime factors of 790800?
2, 3, 5, 659
What are the prime factors of 5819342?
2, 2909671
List the prime factors of 640032.
2, 3, 59, 113
What are the prime factors of 3764033?
7, 13, 19, 311
List the prime factors of 261380.
2, 5, 7, 1867
List the prime factors of 244199.
244199
What are the prime factors of 211493?
211493
List the prime factors of 181683.
3, 2243
What are the prime factors of 5113911?
3, 11, 353, 439
List the prime factors of 4962020.
2, 5, 7, 23, 67
What are the prime factors of 10279850?
2, 5, 7, 23, 1277
What are the prime factors of 359824?
2, 43, 523
List the prime factors of 8432861.
8432861
List the prime factors of 938214.
2, 3, 47, 1109
List the prime factors of 259263.
3, 28807
What are the prime factors of 2447664?
2, 3, 50993
List the prime factors of 875440.
2, 5, 31, 353
What are the prime factors of 2691111?
3, 401, 2237
List the prime factors of 103224.
2, 3, 11, 17, 23
List the prime factors of 477130.
2, 5, 47713
What are the prime factors of 42245858?
2, 21122929
List the prime factors of 329615.
5, 11, 13, 461
List the prime factors of 276169.
277, 997
List the prime factors of 320383.
7, 37, 1237
List the prime factors of 2635607.
13, 29, 6991
What are the prime factors of 14634306?
2, 3, 813017
List the prime factors of 874963.
101, 8663
What are the prime factors of 7330152?
2, 3, 305423
List the prime factors of 1914164.
2, 7, 137, 499
List the prime factors of 1738786.
2, 7, 124199
Li